 highest common divisor of 18 and 512658.
18
Calculate the greatest common divisor of 413 and 7777.
7
Calculate the highest common divisor of 6594 and 141.
3
What is the greatest common factor of 23796 and 576?
36
Calculate the greatest common factor of 40143 and 3.
3
What is the greatest common divisor of 1995 and 8050?
35
Calculate the greatest common factor of 2771 and 799.
17
Calculate the greatest common factor of 196 and 276836.
28
What is the highest common divisor of 190 and 29255?
5
Calculate the highest common divisor of 209661 and 51.
51
What is the greatest common divisor of 3042 and 3393?
117
Calculate the highest common factor of 1226836 and 52.
52
Calculate the greatest common factor of 7502 and 198.
22
Calculate the greatest common divisor of 421092 and 162.
54
Calculate the greatest common factor of 132 and 19569.
33
Calculate the highest common factor of 2 and 23794.
2
Calculate the highest common factor of 315924 and 448.
28
What is the greatest common factor of 16377 and 4017?
309
What is the highest common factor of 4305 and 2255?
205
Calculate the highest common factor of 1076250 and 168.
42
Calculate the greatest common divisor of 460 and 133040.
20
What is the greatest common divisor of 7653404 and 124?
124
Calculate the greatest common divisor of 159 and 348793.
53
What is the highest common factor of 96 and 22476?
12
Calculate the highest common divisor of 41650 and 247350.
850
What is the highest common factor of 13426 and 548?
274
What is the greatest common divisor of 3782 and 1271?
31
Calculate the highest common divisor of 30828 and 84.
84
What is the highest common factor of 438005 and 85?
85
Calculate the highest common divisor of 90524 and 305.
61
What is the highest common factor of 18779 and 4183?
89
What is the highest common factor of 84 and 315708?
12
Calculate the greatest common factor of 4387 and 328.
41
What is the greatest common factor of 52 and 109694?
26
Calculate the highest common divisor of 1415642 and 788.
394
Calculate the highest common factor of 236 and 126614.
118
Calculate the highest common factor of 25 and 139075.
25
Calculate the highest common factor of 112 and 618128.
112
What is the greatest common factor of 2 and 54382?
2
Calculate the greatest common divisor of 7343 and 504.
7
What is the greatest common factor of 952 and 14059?
17
What is the highest common factor of 4191 and 166254?
33
Calculate the highest common divisor of 96 and 640224.
96
What is the greatest common divisor of 68 and 56542?
34
Calculate the highest common factor of 74 and 1027046.
74
What is the highest common divisor of 975 and 32775?
75
Calculate the greatest common factor of 245 and 4777745.
245
Calculate the greatest common factor of 41985 and 3732.
933
Calculate the greatest common divisor of 835 and 145791.
167
Calculate the greatest common divisor of 182 and 50687.
91
Calculate the highest common divisor of 144 and 932868.
36
Calculate the highest common divisor of 62 and 726.
2
Calculate the greatest common divisor of 3541 and 1.
1
What is the greatest common divisor of 48 and 95856?
48
What is the highest common factor of 240 and 126600?
120
Calculate the greatest common divisor of 493 and 34833.
17
What is the greatest common factor of 104705 and 860?
215
What is the greatest common divisor of 188160 and 252?
84
Calculate the highest common divisor of 342048 and 4368.
336
Calculate the greatest common divisor of 3121 and 125.
1
Calculate the greatest common factor of 195 and 1613040.
195
What is the highest common factor of 819862 and 316?
158
Calculate the greatest common divisor of 123 and 219.
3
Calculate the highest common factor of 546 and 4602.
78
Calculate the greatest common divisor of 59 and 3220338.
59
Calculate the greatest common divisor of 82550 and 242450.
650
What is the greatest common factor of 225 and 43695?
45
Calculate the highest common factor of 4945 and 1840.
115
Calculate the highest common factor of 348 and 45501.
87
Calculate the highest common factor of 4572 and 500380.
508
Calculate the greatest common divisor of 1091 and 287.
1
What is the greatest common factor of 1144226 and 536?
134
What is the highest common factor of 43310 and 72590?
610
What is the greatest common divisor of 213 and 1404877?
71
Calculate the highest common divisor of 575 and 79850.
25
Calculate the highest common divisor of 586 and 264872.
586
What is the highest common factor of 1680 and 15330?
210
Calculate the highest common factor of 658 and 19834.
94
What is the highest common divisor of 6590 and 890?
10
What is the greatest common divisor of 2268 and 27828?
36
Calculate the greatest common divisor of 26962 and 78.
26
Calculate the highest common divisor of 234284 and 296.
148
Calculate the greatest common divisor of 12 and 1887236.
4
What is the highest common factor of 21200 and 6890?
530
Calculate the greatest common divisor of 36 and 5167944.
36
What is the greatest common divisor of 415 and 10?
5
Calculate the highest common divisor of 273 and 27651.
39
What is the highest common factor of 1631 and 70?
7
What is the greatest common divisor of 2907 and 285?
57
What is the highest common divisor of 3328 and 3224?
104
What is the greatest common divisor of 343236 and 24?
12
Calculate the greatest common factor of 27 and 1361151.
27
Calculate the greatest common factor of 28405 and 247.
247
What is the greatest common factor of 1107701 and 7?
7
What is the highest common divisor of 51 and 7163103?
51
What is the greatest common factor of 34 and 778634?
34
Calculate the greatest common divisor of 178471 and 1689.
563
Calculate the highest common factor of 318570 and 15.
15
Calculate the highest common factor of 2479 and 481.
37
Calculate the highest common factor of 60759 and 72.
9
Calculate the greatest common factor of 1528674 and 34.
34
What is the highest common factor of 4 and 4182?
2
What is the highest common divisor of 168825 and 1275?
75
Calculate the greatest common factor of 1396 and 49558.
698
What is the greatest common factor of 4872 and 10788?
348
Calculate the greatest common divisor of 260091 and 81.
81
What is the highest common factor of 11513554 and 26?
26
What is the greatest common divisor of 716599 and 277?
277
Calculate the highest common factor of 16591 and 353.
353
What is the highest common factor of 161 and 2955983?
23
Calculate the greatest common factor of 16 and 67608.
8
What is the highest common factor of 286 and 390962?
286
Calculate the greatest common factor of 1564 and 17714.
34
What is the highest common factor of 3339 and 20511?
477
Calculate the greatest common factor of 21221 and 2.
1
Calculate the greatest common divisor of 4215 and 35.
5
Calculate the highest common divisor of 118802 and 1337.
191
Calculate the highest common factor of 1253290 and 20.
10
Calculate the highest common divisor of 46621 and 5543.
23
What is the greatest common factor of 2508 and 2970?
66
What is the greatest common factor of 31 and 19561?
31
Calculate the highest common divisor of 116 and 60436.
116
What is the greatest common factor of 19721 and 220298?
481
What is the greatest common divisor of 16110 and 1329970?
1790
What is the greatest common factor of 12 and 35884?
4
What is the highest common factor of 159 and 1162131?
159
What is the greatest common factor of 23516 and 8?
4
Calculate the greatest common divisor of 1736 and 4154.
62
Calculate the highest common factor of 4725 and 53100.
225
Calculate the greatest common factor of 9 and 51795.
9
Calculate the highest common divisor of 253713 and 1242.
69
Calculate the greatest common factor of 1683 and 319.
11
Calculate the greatest common divisor of 204 and 177990.
102
Calculate the greatest common divisor of 15680 and 30.
10
What is the greatest common factor of 183457 and 1149?
383
What is the greatest common divisor of 14 and 11375?
7
What is the greatest common factor of 224 and 40992?
224
What is the highest common factor of 726 and 3256?
22
What is the highest common divisor of 45954 and 2346?
138
What is the highest common divisor of 323 and 170544?
323
Calculate the highest common divisor of 33448 and 28.
4
Calculate the greatest common divisor of 1899 and 26375.
211
What is the greatest common diviso